
23
Calculate the greatest common divisor of 50 and 3550.
50
Calculate the greatest common divisor of 12921 and 118.
59
What is the highest common divisor of 730 and 3358?
146
Calculate the greatest common factor of 6 and 57.
3
Calculate the highest common divisor of 286 and 26.
26
Calculate the greatest common factor of 1276 and 44.
44
What is the highest common divisor of 36 and 672?
12
Calculate the highest common factor of 275 and 800.
25
Calculate the highest common divisor of 2979 and 9.
9
Calculate the highest common factor of 156 and 364.
52
Calculate the greatest common divisor of 220 and 380.
20
Calculate the highest common divisor of 16 and 26920.
8
What is the greatest common divisor of 712 and 16?
8
What is the highest common factor of 820 and 943?
41
What is the greatest common divisor of 539 and 49?
49
What is the greatest common factor of 1586 and 427?
61
Calculate the greatest common divisor of 159 and 6.
3
Calculate the highest common divisor of 70 and 80.
10
What is the highest common divisor of 43979 and 17?
17
What is the greatest common factor of 420 and 48?
12
Calculate the highest common factor of 2230 and 15.
5
Calculate the greatest common factor of 165 and 105.
15
What is the greatest common divisor of 83447 and 182?
91
Calculate the highest common factor of 40 and 9080.
40
What is the greatest common divisor of 69 and 7521?
69
Calculate the highest common divisor of 16 and 44656.
16
What is the greatest common divisor of 252 and 224?
28
What is the highest common factor of 3372 and 12?
12
Calculate the greatest common factor of 158 and 869.
79
Calculate the highest common factor of 1207 and 85.
17
Calculate the highest common divisor of 13 and 21047.
13
Calculate the highest common factor of 198 and 693.
99
Calculate the greatest common divisor of 4030 and 124.
62
Calculate the highest common factor of 4431 and 147.
21
What is the highest common divisor of 54 and 258?
6
Calculate the highest common divisor of 171 and 114.
57
What is the greatest common divisor of 1478 and 28?
2
Calculate the highest common factor of 37566 and 18.
18
What is the greatest common factor of 10494 and 99?
99
Calculate the highest common factor of 9492 and 420.
84
Calculate the highest common factor of 224 and 119.
7
What is the greatest common factor of 24 and 8784?
24
Calculate the highest common divisor of 266 and 494.
38
Calculate the highest common factor of 170 and 13175.
85
Calculate the greatest common factor of 9398 and 74.
74
Calculate the greatest common factor of 130 and 30.
10
What is the highest common divisor of 546 and 294?
42
Calculate the greatest common divisor of 3016 and 208.
104
Calculate the greatest common factor of 256 and 4.
4
Calculate the highest common divisor of 35 and 5.
5
Calculate the highest common divisor of 3928 and 128.
8
Calculate the greatest common divisor of 13932 and 72.
36
What is the greatest common factor of 15 and 7485?
15
What is the greatest common divisor of 296 and 8?
8
What is the highest common factor of 28 and 1820?
28
What is the greatest common factor of 1750 and 2170?
70
Calculate the highest common divisor of 1127 and 115.
23
Calculate the greatest common divisor of 78 and 104.
26
Calculate the greatest common factor of 13170 and 15.
15
Calculate the highest common factor of 25 and 675.
25
What is the greatest common divisor of 174 and 87?
87
Calculate the highest common factor of 32 and 150.
2
What is the highest common divisor of 143 and 1677?
13
Calculate the greatest common divisor of 240 and 15.
15
Calculate the highest common divisor of 144 and 624.
48
Calculate the greatest common divisor of 377 and 39.
13
Calculate the greatest common factor of 567 and 77.
7
What is the highest common divisor of 125 and 5?
5
Calculate the highest common divisor of 5 and 21145.
5
Calculate the greatest common factor of 2330 and 20.
10
What is the highest common divisor of 538 and 2?
2
What is the greatest common factor of 660 and 2948?
44
What is the highest common factor of 108 and 28?
4
Calculate the greatest common divisor of 752 and 3196.
188
Calculate the highest common factor of 144 and 3408.
48
Calculate the greatest common factor of 68 and 8194.
34
Calculate the highest common factor of 7335 and 30.
15
What is the highest common divisor of 11 and 33?
11
What is the greatest common factor of 10 and 730?
10
What is the greatest common factor of 9775 and 3128?
391
What is the greatest common divisor of 565 and 25?
5
Calculate the greatest common factor of 20401 and 23.
23
Calculate the highest common factor of 75 and 15.
15
What is the greatest common factor of 8 and 15040?
8
What is the highest common divisor of 2959 and 11?
11
What is the greatest common divisor of 453 and 9?
3
What is the highest common factor of 60 and 1275?
15
Calculate the greatest common divisor of 4929 and 4293.
159
What is the highest common factor of 2 and 22?
2
Calculate the greatest common factor of 9513 and 126.
63
Calculate the greatest common divisor of 192 and 928.
32
What is the highest common divisor of 15 and 60?
15
Calculate the highest common divisor of 32 and 656.
16
What is the greatest common factor of 27 and 243?
27
Calculate the highest common divisor of 4958 and 222.
74
What is the highest common divisor of 92 and 3634?
46
Calculate the greatest common factor of 2 and 18.
2
Calculate the greatest common factor of 18 and 22986.
18
What is the highest common divisor of 12 and 19?
1
Calculate the highest common divisor of 16 and 226.
2
Calculate the highest common factor of 4324 and 92.
92
Calculate the greatest common factor of 48 and 1832.
8
Calculate the greatest common factor of 34121 and 229.
229
Calculate the highest common divisor of 120 and 50.
10
What is the greatest common divisor of 2548 and 39?
13
Calculate the highest common divisor of 119 and 68.
17
What is the greatest common divisor of 12744 and 54?
54
Calculate the greatest common divisor of 113 and 1243.
113
Calculate the greatest common divisor of 297 and 1980.
99
Calculate the highest common divisor of 28 and 154.
14
Calculate the highest common factor of 16 and 112.
16
Calculate the highest common divisor of 77 and 63.
7
Calculate the highest common divisor of 5385 and 15.
15
What is the greatest common factor of 207 and 46?
23
Calculate the highest common divisor of 90996 and 12.
12
Calculate the highest common factor of 1090 and 90.
10
Calculate the greatest common divisor of 5 and 105.
5
Calculate the highest common divisor of 153 and 9.
9
What is the highest common factor of 132 and 726?
66
What is the highest common divisor of 2 and 44?
2
What is the highest common divisor of 5124 and 63?
21
What is the greatest common divisor of 176 and 33?
11
Calculate the greatest common divisor of 129 and 3.
3
What is the highest common factor of 11988 and 592?
148
What is the highest common factor of 2492 and 140?
28
What is the greatest common factor of 100 and 75?
25
What is the greatest common factor of 512 and 4?
4
What is the greatest common divisor of 636 and 48018?
318
Calculate the highest common factor of 9 and 46080.
9
Calculate the greatest common factor of 2475 and 209.
11
Calculate the highest common divisor of 116 and 1508.
116
Calculate the highest common divisor of 6795 and 15.
15
What is the greatest common factor of 22 and 154?
22
What is the highest common factor of 40916 and 212?
212
Calculate the greatest common divisor of 71 and 284.
71
What is the highest common factor of 250 and 10?
10
Calculate the greatest common divisor of 8 and 24.
8
What is the greatest common divisor of 41 and 2624?
41
What is the greatest common divisor of 16 and 26512?
16
What is the highest common divisor of 40 and 220?
20
Calculate the greatest common divisor of 108 and 72.
36
Calculate the greatest common factor of 136 and 688.
8
Calculate the highest common factor of 64 and 34432.
64
What is the highest common divisor of 322 and 56?
14
What is the greatest common divisor of 1575 and 665?
35
Calculate the greatest common divisor of 1 and 28.
1
What is the highest common factor of 64 and 13?
1
Calculate the highest common divisor of 1325 and 8215.
265
What is the highest common divisor of 7327 and 17?
17
Calculate the greatest c